er when 24 is divided by t?
10
Suppose 5*u = -g + 4 + 70, 3*u = -5*g + 40. What is the remainder when 27 is divided by u?
12
Let y = 5 - 4. Calculate the remainder when 37 is divided by 3 + (13 + y - -2).
18
Suppose -4 = -w - x + 4*x, 4*x - 16 = -4*w. Let d be 3*(-5)/((-30)/w). Suppose d*q = -6, 2*u + 4*q + 17 = 3*u. Calculate the remainder when u is divided by 2.
1
Let x(l) = -l**3 + 14*l**2 + 3*l - 29. What is the remainder when x(14) is divided by (-1)/(-2 + (-13)/(-7))?
6
Let l(d) = d + 7. Let h be l(0). Let b = -5 + h. Suppose b*c - 5*m - 52 = c, 0 = -m - 5. What is the remainder when c is divided by 14?
13
Suppose k + 5 = 2*k. Suppose 0 = -5*q + 4*f + 192, -q + k*f + 46 = -5. Calculate the remainder when q is divided by 19.
17
Let t(c) = 17*c + 3. Calculate the remainder when t(2) is divided by 13.
11
Suppose 22 = s + 5. Suppose 4*j - 3*j - s = 0. Calculate the remainder when j is divided by 9.
8
Calculate the remainder when 72 is divided by 535/35 + (-2)/7.
12
Let y = -7 - -12. Calculate the remainder when (-2)/8 + (-74)/(-8) is divided by y.
4
Let o be 573/6 - (-2)/4. Suppose 0*y + o = 4*y. Calculate the remainder when y is divided by 13.
11
Suppose -4*l - 5*q + 3 = -2, 0 = -2*l + 3*q - 3. Suppose 0*i - 5*i + 530 = l. Calculate the remainder when i is divided by 27.
25
Suppose -3*k = -3*c - 42 - 39, -5*k = -3*c - 133. Calculate the remainder when 75 is divided by k.
23
Calculate the remainder when 26 is divided by 4/6*(1 - (-114)/12).
5
Calculate the remainder when 34 is divided by (2/5)/(5/225).
16
Let s(r) = 3*r + 7. What is the remainder when 74 is divided by s(4)?
17
Let o(h) = h**2 - 2*h - 1. Let p = -5 - -10. Suppose 6*j - 18 = 12. Calculate the remainder when o(p) is divided by j.
4
Let b(v) = -v**2 + v + 29. What is the remainder when b(0) is divided by 11?
7
Suppose -3*r - 2*b = -7*r + 8, 4*b = 2*r + 2. What is the remainder when 8 is divided by r?
2
Let h = 4 + -2. What is the remainder when 7 is divided by h?
1
Suppose 0*x + 3*x = -12. Let o = 13 + x. Calculate the remainder when (-130)/(-8) + (-1)/4 is divided by o.
7
Let t(w) = 7*w - 2. Calculate the remainder when t(3) is divided by 12.
7
Let d(m) be the second derivative of 2*m**3/3 - 9*m**2/2 + 2*m. What is the remainder when 44 is divided by d(6)?
14
Suppose 7 - 1 = 3*s. Let x(b) = 9*b**2 - 2*b + 1. Calculate the remainder when x(s) is divided by 6.
3
Suppose 0 = f + 8 - 45. Let n = f + -12. Let x(j) = -j**3 + 6*j**2 - 3*j + 3. Calculate the remainder when n is divided by x(5).
12
Let k = 26 + -22. What is the remainder when 7 is divided by k?
3
Let z = 8 + 7. Let k = z - 8. What is the remainder when 12 is divided by k?
5
Let f(h) = 3*h + 2. Let v be f(3). Suppose v*b + 3*c = 6*b + 472, c = -2*b + 189. Let w = -55 + b. Calculate the remainder when w is divided by 14.
12
Let k be ((-2)/(-2))/(1/1). Let h be ((-6)/(-4))/(k/2). Calculate the remainder when 71 + (h - 3 - 1) is divided by 24.
22
Let c be -2*(1 - 0) - -4. Suppose 2*j + 30 - 80 = 0. What is the remainder when j is divided by c/5 + 126/10?
12
Let b = 44 + -23. Suppose 0 = -0*x - 3*x + b. Calculate the remainder when 20 is divided by x.
6
Suppose 0 = -5*m + m + 2*a + 152, 3*a = 6. Suppose 0 = -o + 5*x - 5, 5*o - 4*x - 27 - 53 = 0. Calculate the remainder when m is divided by o.
19
Let x = 9 + 2. Calculate the remainder when 19 is divided by x.
8
Let n(v) = 2*v**2 - 2*v. Suppose -5 = -5*c + 5. Let q be n(c). Suppose j - q*j = -42. What is the remainder when 41 is divided by j?
13
Let r be 28/6*18/7. Suppose 0 = 3*p + k + r, -4*p - 7*k + 3*k - 8 = 0. Let g = 17 + p. Calculate the remainder when g is divided by 7.
5
What is the remainder when 53 is divided by (1 - 7)/((-20)/30)?
8
Suppose -6*v = -v + 10. Calculate the remainder when 33 is divided by (-5)/((-40)/(-36))*v.
6
What is the remainder when 47 is divided by ((-150)/12)/((-3)/2 + 1)?
22
Let m(h) = -h**3 - 3*h**2 - 4*h - 6. Let r be m(-4). Let g = r + -11. Suppose 4*i = 13 + g. What is the remainder when 18 is divided by i?
4
Suppose 2*m - 7*m = 0. Suppose -u = -m*c - 3*c + 63, 0 = 4*c - 4*u - 92. What is the remainder when 58 is divided by c?
18
Let k be 6*3 - -2 - -2. Suppose -k = -2*q + 58. Calculate the remainder when q is divided by 14.
12
Let j = 83 + -62. What is the remainder when 27 is divided by j?
6
Suppose -6*r + 12 = -48. What is the remainder when 35 is divided by r?
5
Let g(n) = -38*n**3 - n. Let f be g(-1). Suppose 3*v + 2*t = v + 22, 4*v - f = -5*t. Calculate the remainder when v is divided by 9.
7
Suppose 4*s - 12 + 0 = 0. Suppose -7*w + 21 = t - s*w, -4*t - 2*w = -56. Let v(q) = 3*q**2 + 4*q - 1. Calculate the remainder when v(3) is divided by t.
12
Suppose -151 + 15 = 2*p + 4*q, -3*q = -4*p - 239. What is the remainder when 5*(0 - p/10) is divided by (-68)/(-6) - (-2)/(-6)?
9
Suppose 298 + 89 = 9*i. Calculate the remainder when 256 is divided by i.
41
Let o(t) = 3*t**2 - 5*t - 28. Suppose -3*w = -4*w - z + 4, -2*z = -5*w + 48. What is the remainder when o(-3) is divided by w?
6
Suppose 0 = -4*p - i + 30, -5*i + 10 = -0*i. Calculate the remainder when (-13)/2*(1 - p) is divided by 14.
11
Suppose 2*j + 9 + 3 = 0. Let s be (6/(-9))/(1/j). What is the remainder when (-1)/s + (-322)/(-8) is divided by 21?
19
Let y = -68 - -96. Let f(q) = q - 3. Let i be f(-5). Calculate the remainder when y is divided by ((-30)/8)/(3/i).
8
Suppose -2*m = m - 24. Suppose -6 = -3*i - 120. Let n = -16 - i. What is the remainder when n is divided by m?
6
Suppose a + a = -2*h + 16, -3*h = -a - 24. Suppose 2*s - d = h, -d = 5*s - 3*s - 16. Calculate the remainder when 15 is divided by s.
3
Suppose 3 = 4*y - 2*w - 105, -3*y - 5*w + 107 = 0. Suppose y + 23 = 4*q. Let z = 4 - -32. Calculate the remainder when z is divided by q.
10
Let w = -11 + 27. What is the remainder when 28 is divided by w?
12
Let x be 2 - (9*-1)/(-3). Let j(r) = r. Let h(l) = l**3 + 8*l**2 + 3*l + 3. Let t(s) = x*h(s) + j(s). What is the remainder when 25 is divided by t(-8)?
12
Suppose 4*n - 57 = 3*h, n = -5*h + 8 - 11. Let l be (-104)/(-3) + 1/3. Suppose 0 = 2*z - 7*z + l. What is the remainder when n is divided by z?
5
Let d(o) = o**3 + o**2 + o - 1. Let a be d(1). Suppose 0 = a*k - 9 - 9. Calculate the remainder when (-354)/(-14) - 4/14 is divided by k.
7
Suppose -4*h = -5*h. Suppose 3*g = 5*g - 8, b - g - 3 = h. Calculate the remainder when 24 is divided by b.
3
Let z = -34 + 46. Calculate the remainder when 105 is divided by z.
9
Let h = -1 + 7. Calculate the remainder when 10 is divided by h.
4
What is the remainder when (0 + 1)*2/(2/41) is divided by 7?
6
Suppose -d = -3*d + 12. Let i be -3 - -21 - (-1 + 0). Let x = -2 + i. What is the remainder when x is divided by d?
5
Suppose 0 = 3*n + 4*w + 80, 5*w + 54 = -2*n + 3*w. Let f = 92 + n. Calculate the remainder when f is divided by 13.
12
Let h(r) = -r**3 - 2*r**2 - 5*r - 6. Suppose -4*v - 47 = -5*c, 2*c + 4*v - 6 + 4 = 0. What is the remainder when h(-3) is divided by c?
4
Let v be -1*(4 + (-1 - -2)). Let z = v - -30. Calculate the remainder when z is divided by 9.
7
Let x(r) = -r**3 + 4*r**2 - r + 1. Suppose 100 = 3*w - 8. Suppose -h - w = -4*h. What is the remainder when h is divided by x(3)?
5
Let g = -5 + 8. Suppose -46 = -4*i + g*i. Calculate the remainder when i is divided by 6 - -10 - (0 + 0).
14
Suppose 0 = -4*a - 4*s + 36, 0 = -a - 2*s - 2 + 7. Let l(b) = b**3 - 2*b**2 - 5*b. What is the remainder when l(5) is divided by a?
11
Suppose 0*c + 5*t - 24 = -2*c, 2*t = -5*c + 60. Calculate the remainder when 21 is divided by c.
9
Suppose -k + 28 = -11. Suppose 24 + 32 = 4*t. Calculate the remainder when k is divided by t.
11
Suppose 3*m - 12 = -c - 2*c, -19 = -c + 4*m. Suppose 0*y + 54 = 3*y. What is the remainder when y is divided by c?
4
Calculate the remainder when 325/10*-2*(-18)/15 is divided by 41.
37
What is the remainder when 34 + -5*(-8)/20 is divided by 13?
10
Let l be (-27)/12 - 2/(-8). Let a = 12 + l. Calculate the remainder when 17 is divided by a.
7
Suppose 5*o = -0*o. Let k = o + 0. Suppose j + j - 30 = k. Calculate the remainder when 43 is divided by j.
13
Let t = -6 + 13. Suppose -9 = 4*p + t. Calculate the remainder when (-22)/p + 1/2 is divided by 4.
2
What is the remainder when 50 is divided by (4/(-5))/(2/(-6